{"id":14,"date":"2021-03-20T13:57:25","date_gmt":"2021-03-20T13:57:25","guid":{"rendered":"https:\/\/muellers4.com\/?page_id=14"},"modified":"2021-03-20T13:57:25","modified_gmt":"2021-03-20T13:57:25","slug":"impressum","status":"publish","type":"page","link":"https:\/\/muellers4.com\/index.php\/impressum\/","title":{"rendered":"Impressum"},"content":{"rendered":"\n<p><strong>Die folgenden Angaben entsprechen den Vorgaben von \u00a7 5 TMG:<\/strong><\/p>\n\n\n\n<p>Christian M\u00fcller<br>Trompeterstra\u00dfe 44<br>65207 Wiesbaden<br><strong><br>Kontaktdaten:<\/strong><\/p>\n\n\n\n<p>Telefon: + 49 (0) 151 142 35 762<br>E-Mail-Adresse: admin@muellers4.com<\/p>\n\n\n\n<p><strong>Haftung f\u00fcr Inhalte:<\/strong><\/p>\n\n\n\n<p>Im Sinne von \u00a7 7 Absatz 1 TMG sind wir f\u00fcr die eigenen Inhalte auf dieser Webseite verantwortlich. Durch \u00a7\u00a7 8 bis einschlie\u00dflich 10 TMG sind wir aber nicht verpflichtet, gespeicherte oder \u00fcbermittelte fremde Inhalte zu \u00fcberwachen oder diese auf Rechtswidrigkeit zu pr\u00fcfen. Das befreit uns jedoch nicht von der Pflicht, der Sperrung und Entfernung von Informationen nach geltenden Gesetzen nachzukommen.<\/p>\n","protected":false},"excerpt":{"rendered":"<p>Die folgenden Angaben entsprechen den Vorgaben von \u00a7 5 TMG: Christian M\u00fcllerTrompeterstra\u00dfe 4465207 WiesbadenKontaktdaten: Telefon: + 49 (0) 151 142 35 762E-Mail-Adresse: admin@muellers4.com Haftung f\u00fcr Inhalte: Im Sinne von \u00a7 7 Absatz 1 TMG sind wir f\u00fcr die eigenen Inhalte auf dieser Webseite verantwortlich. Durch \u00a7\u00a7 8 bis einschlie\u00dflich 10 TMG sind wir aber nicht [&hellip;]<\/p>\n","protected":false},"author":1,"featured_media":0,"parent":0,"menu_order":0,"comment_status":"closed","ping_status":"closed","template":"","meta":{"footnotes":""},"class_list":["post-14","page","type-page","status-publish","hentry"],"blocksy_meta":[],"_links":{"self":[{"href":"https:\/\/muellers4.com\/index.php\/wp-json\/wp\/v2\/pages\/14","targetHints":{"allow":["GET"]}}],"collection":[{"href":"https:\/\/muellers4.com\/index.php\/wp-json\/wp\/v2\/pages"}],"about":[{"href":"https:\/\/muellers4.com\/index.php\/wp-json\/wp\/v2\/types\/page"}],"author":[{"embeddable":true,"href":"https:\/\/muellers4.com\/index.php\/wp-json\/wp\/v2\/users\/1"}],"replies":[{"embeddable":true,"href":"https:\/\/muellers4.com\/index.php\/wp-json\/wp\/v2\/comments?post=14"}],"version-history":[{"count":1,"href":"https:\/\/muellers4.com\/index.php\/wp-json\/wp\/v2\/pages\/14\/revisions"}],"predecessor-version":[{"id":15,"href":"https:\/\/muellers4.com\/index.php\/wp-json\/wp\/v2\/pages\/14\/revisions\/15"}],"wp:attachment":[{"href":"https:\/\/muellers4.com\/index.php\/wp-json\/wp\/v2\/media?parent=14"}],"curies":[{"name":"wp","href":"https:\/\/api.w.org\/{rel}","templated":true}]}}